at is the thousands digit of 867143?
7
What is the ten thousands digit of 14861069?
6
What is the thousands digit of 738609?
8
What is the tens digit of 842594?
9
What is the hundred thousands digit of 968520?
9
What is the ten thousands digit of 23571?
2
What is the ten thousands digit of 366854?
6
What is the ten thousands digit of 11845586?
4
What is the hundreds digit of 35486?
4
What is the tens digit of 796949?
4
What is the thousands digit of 20359059?
9
What is the tens digit of 2884134?
3
What is the hundreds digit of 5079958?
9
What is the ten millions digit of 18002518?
1
What is the ten thousands digit of 803824?
0
What is the units digit of 1804278?
8
What is the units digit of 4049746?
6
What is the hundreds digit of 30369?
3
What is the ten thousands digit of 18694111?
9
What is the thousands digit of 93566?
3
What is the units digit of 1140594?
4
What is the hundreds digit of 244167?
1
What is the ten thousands digit of 7154145?
5
What is the hundred thousands digit of 18213627?
2
What is the hundreds digit of 162594?
5
What is the thousands digit of 1027289?
7
What is the hundred thousands digit of 2229958?
2
What is the units digit of 674531?
1
What is the ten millions digit of 20120641?
2
What is the ten millions digit of 33718069?
3
What is the units digit of 412968?
8
What is the thousands digit of 456966?
6
What is the hundreds digit of 294771?
7
What is the millions digit of 13338863?
3
What is the hundreds digit of 14179506?
5
What is the units digit of 323064?
4
What is the ten thousands digit of 4859630?
5
What is the thousands digit of 50507?
0
What is the hundreds digit of 1261439?
4
What is the ten millions digit of 11930181?
1
What is the ten thousands digit of 32954754?
5
What is the thousands digit of 519546?
9
What is the tens digit of 1022544?
4
What is the tens digit of 213533?
3
What is the hundred thousands digit of 8810266?
8
What is the ten thousands digit of 598074?
9
What is the hundred thousands digit of 608729?
6
What is the units digit of 220340?
0
What is the millions digit of 8330929?
8
What is the thousands digit of 1547932?
7
What is the millions digit of 2617865?
2
What is the ten millions digit of 29614423?
2
What is the thousands digit of 674709?
4
What is the ten thousands digit of 13778063?
7
What is the hundreds digit of 5789124?
1
What is the ten thousands digit of 278534?
7
What is the tens digit of 539418?
1
What is the ten thousands digit of 209210?
0
What is the hundred thousands digit of 311329?
3
What is the ten thousands digit of 585187?
8
What is the tens digit of 6789165?
6
What is the hundreds digit of 21547892?
8
What is the tens digit of 16858?
5
What is the tens digit of 23157898?
9
What is the hundreds digit of 22193?
1
What is the tens digit of 18924798?
9
What is the hundreds digit of 18674759?
7
What is the hundred thousands digit of 2188856?
1
What is the thousands digit of 2246331?
6
What is the tens digit of 392452?
5
What is the millions digit of 21050469?
1
What is the ten thousands digit of 58877?
5
What is the units digit of 696393?
3
What is the ten thousands digit of 17455119?
5
What is the thousands digit of 560150?
0
What is the ten thousands digit of 7969832?
6
What is the millions digit of 3379254?
3
What is the hundred thousands digit of 1637013?
6
What is the tens digit of 788057?
5
What is the units digit of 2706728?
8
What is the hundreds digit of 160639?
6
What is the tens digit of 283144?
4
What is the thousands digit of 145820?
5
What is the hundreds digit of 1132435?
4
What is the hundreds digit of 11335543?
5
What is the hundred thousands digit of 5660567?
6
What is the thousands digit of 31822?
1
What is the hundreds digit of 3402811?
8
What is the units digit of 506786?
6
What is the hundred thousands digit of 5723038?
7
What is the hundreds digit of 815167?
1
What is the tens digit of 22428709?
0
What is the hundreds digit of 359350?
3
What is the tens digit of 1272637?
3
What is the hundred thousands digit of 32733552?
7
What is the units digit of 154824?
4
What is the units digit of 10257324?
4
What is the millions digit of 3890723?
3
What is the units digit of 7051594?
4
What is the ten thousands digit of 8122485?
2
What is the hundreds digit of 5006?
0
What is the units digit of 469018?
8
What is the hundreds digit of 1941037?
0
What is the hundred thousands digit of 1076129?
0
What is the hundreds digit of 667752?
7
What is the thousands digit of 21005715?
5
What is the ten thousands digit of 198559?
9
What is the thousands digit of 26265?
6
What is the hundred thousands digit of 296750?
2
What is the units digit of 2236110?
0
What is the tens digit of 245933?
3
What is the tens digit of 11086851?
5
What is the units digit of 7973409?
9
What is the units digit of 1511630?
0
What is the ten thousands digit of 750295?
5
What is the ten thousands digit of 99882?
9
What is the ten thousands digit of 3686712?
8
What is the units digit of 809713?
3
What is the hundred thousands digit of 321583?
3
What is the hundred thousands digit of 149511?
1
What is the hundred thousands digit of 205293?
2
What is the tens digit of 6051316?
1
What is the units digit of 1626806?
6
What is the ten thousands digit of 325513?
2
What is the thousands digit of 361767?
1
What is the units digit of 422439?
9
What is the ten thousands digit of 55458?
5
What is the thousands digit of 365557?
5
What is the ten thousands digit of 1240718?
4
What is the hundred thousands digit of 2780442?
7
What is the hundreds digit of 15566?
5
What is the tens digit of 18418129?
2
What is the hundred thousands digit of 322185?
3
What is the ten thousands digit of 987471?
8
What is the hundred thousands digit of 31199905?
1
What is the millions digit of 11937373?
1
What is the ten thousands digit of 116324?
1
What is the hundred thousands digit of 907093?
9
What is the ten thousands digit of 3915353?
1
What is the tens digit of 7801774?
7
What is the units digit of 4227556?
6
What is the hundreds digit of 65111?
1
What is the tens digit of 960726?
2
What is the thousands digit of 1413082?
3
What is the tens digit of 182081?
8
What is the hundreds digit of 15916019?
0
What is the thousands digit of 28447199?
7
What is the hundreds digit of 935667?
6
What is the ten thousands digit of 1114222?
1
What is the thousands digit of 315588?
5
What is the hundred thousands digit of 1431216?
4
What is the hundreds digit of 156160?
1
What is the units digit of 464397?
7
What is the millions digit of 2766756?
2
What is the tens digit of 2804080?
8
What is the hundreds digit of 2776476?
4
What is the thousands digit of 7300343?
0
What is the units digit of 1487801?
1
What is the hundred thousands digit of 4097772?
0
What is the tens digit of 3633416?
1
What is the millions digit of 6035161?
6
What is the hundred thousands digit of 10188547?
1
What is the hundred thousands digit of 228027?
2
What is the ten thousands digit of 284845?
8
What is the units digit of 4217249?
9
What is the ten thousands digit of 366623?
6
What is the hundreds digit of 1253818?
8
What is the thousands digit of 163209?
3
What is the tens digit of 29540?
4
What is the hundred thousands digit of 127938?
1
What is the thousands digit of 1916101?
6
What is the ten thousands digit of 875529?
7
What is the ten thousands digit of 1964841?
6
What is the hundreds digit of 663095?
0
What is the units digit of 2660205?
5
What is the tens digit of 391106?
0
What is the hundreds digit of 449744?
7
What is the hundred thousands digit of 15874187?
8
What is the hundred thousands digit of 3609289?
6
What is the tens digit of 40537?
3
What is the tens digit of 1249749?
4
What is the hundred thousands digit of 10000181?
0
What is the hundreds digit of 9467016?
0
What is the hundred thousands digit of 2600569?
6
What is the units digit of 650070?
0
What is the ten thousands digit of 339364?
3
What is the hundred thousands digit of 6783064?
7
What is the hundred thousands digit of 314734?
3
What is the units digit of 3924386?
6
What is the tens digit of 929665?
6
What is the tens digit of 1816377?
7
What is the hundreds digit of 10798714?
7
What is the tens digit of 202803?
0
What is the millions digit of 9151099?
9
What is the units digit of 1